{"id":714,"date":"2021-11-13T12:22:46","date_gmt":"2021-11-13T12:22:46","guid":{"rendered":"https:\/\/mosdata.com\/bonomo\/?page_id=714"},"modified":"2024-03-11T19:39:26","modified_gmt":"2024-03-11T22:39:26","slug":"empresa","status":"publish","type":"page","link":"https:\/\/biplast.com.ar\/web\/empresa\/","title":{"rendered":"Empresa"},"content":{"rendered":"<p>[et_pb_section fb_built=\u00bb1&#8243; custom_padding_last_edited=\u00bbon|phone\u00bb _builder_version=\u00bb4.16&#8243; _module_preset=\u00bbdefault\u00bb custom_padding=\u00bb50px||50px||true|false\u00bb custom_padding_tablet=\u00bb50px||50px||true|false\u00bb custom_padding_phone=\u00bb20px||20px||false|false\u00bb global_colors_info=\u00bb{}\u00bb][et_pb_row _builder_version=\u00bb4.16&#8243; _module_preset=\u00bbdefault\u00bb width_tablet=\u00bb\u00bb width_phone=\u00bb90%\u00bb width_last_edited=\u00bbon|phone\u00bb custom_padding=\u00bb||0px||false|false\u00bb global_colors_info=\u00bb{}\u00bb][et_pb_column type=\u00bb4_4&#8243; _builder_version=\u00bb4.16&#8243; _module_preset=\u00bbdefault\u00bb global_colors_info=\u00bb{}\u00bb][et_pb_text _builder_version=\u00bb4.24.2&#8243; _module_preset=\u00bbdefault\u00bb text_font=\u00bbMontserrat|600|||||||\u00bb text_text_color=\u00bb#000000&#8243; text_font_size=\u00bb26px\u00bb text_orientation=\u00bbcenter\u00bb custom_margin_tablet=\u00bb\u00bb custom_margin_phone=\u00bb||20px||false|false\u00bb custom_margin_last_edited=\u00bbon|phone\u00bb custom_padding_tablet=\u00bb\u00bb custom_padding_phone=\u00bb\u00bb custom_padding_last_edited=\u00bbon|phone\u00bb hover_enabled=\u00bb0&#8243; text_font_size_tablet=\u00bb26px\u00bb text_font_size_phone=\u00bb22px\u00bb text_font_size_last_edited=\u00bbon|phone\u00bb global_colors_info=\u00bb{}\u00bb locked=\u00bboff\u00bb sticky_enabled=\u00bb0&#8243; custom_margin=\u00bb||0px||false|false\u00bb custom_padding=\u00bb||10px||false|false\u00bb]<\/p>\n<p bis_size=\"{&quot;x&quot;:11,&quot;y&quot;:16,&quot;w&quot;:309,&quot;h&quot;:24,&quot;abs_x&quot;:1043,&quot;abs_y&quot;:583}\">La Empresa<\/p>\n<p>[\/et_pb_text][et_pb_divider color=\u00bbgcid-42111648-a2ee-4c00-8898-426b36ff5cac\u00bb divider_weight=\u00bb3px\u00bb _builder_version=\u00bb4.24.2&#8243; _module_preset=\u00bbdefault\u00bb width=\u00bb10%\u00bb width_tablet=\u00bb16%\u00bb width_phone=\u00bb47%\u00bb width_last_edited=\u00bbon|phone\u00bb module_alignment=\u00bbcenter\u00bb custom_margin_tablet=\u00bb\u00bb custom_margin_phone=\u00bb0px||20px||false|false\u00bb custom_margin_last_edited=\u00bbon|phone\u00bb custom_padding_tablet=\u00bb\u00bb custom_padding_phone=\u00bb0px||0px||true|false\u00bb custom_padding_last_edited=\u00bbon|phone\u00bb hover_enabled=\u00bb0&#8243; global_colors_info=\u00bb{%22gcid-42111648-a2ee-4c00-8898-426b36ff5cac%22:%91%22color%22%93}\u00bb locked=\u00bboff\u00bb sticky_enabled=\u00bb0&#8243; custom_margin=\u00bb0px||||false|false\u00bb custom_padding=\u00bb0px||||false|false\u00bb][\/et_pb_divider][et_pb_text _builder_version=\u00bb4.24.2&#8243; _module_preset=\u00bbdefault\u00bb text_text_color=\u00bb#000000&#8243; text_font_size=\u00bb15px\u00bb custom_margin=\u00bb0px||0px||true|false\u00bb custom_padding=\u00bb0px||0px||true|false\u00bb hover_enabled=\u00bb0&#8243; global_colors_info=\u00bb{}\u00bb sticky_enabled=\u00bb0&#8243;]<\/p>\n<p>Nuestra empresa se dedica, desde el a\u00f1o 1955, a la fabricaci\u00f3n integral de interruptores especiales utilizando materias primas de primera calidad, lo que garantiza la confiabilidad de nuestros productos.<\/p>\n<p><span>La f\u00e1brica est\u00e1 integrada por un plantel permanente de operarios especializados y maquinaria altamente tecnificada, lo cual permite brindar un producto final de excelente calidad.<\/p>\n<p><\/span><\/p>\n<p><strong>SINTESIS DE NUESTRO PROCESO PRODUCTIVO<\/strong><\/p>\n<p>A partir de la diagramaci\u00f3n y fabricaci\u00f3n de los prototipos, los mismos son ensayados y probados en forma rigurosa antes de entrar en producci\u00f3n seriada. El requisito m\u00e1s importante que deben reunir es que cumplan con 30.000 operaciones de funcionamiento a plena carga. Una vez aprobados los ensayos, nuestros productos est\u00e1n aptos para la fabricaci\u00f3n, cumpliendo con los siguientes pasos:\u00a0<\/p>\n<ul class=\"check\">\n<li>Torneado y balancinado de cada componente.<\/li>\n<li>Moldeado de todas las partes en pl\u00e1stico.<\/li>\n<li>Tratamiento galv\u00e1nico para el recubrimiento de las partes met\u00e1licas.<\/li>\n<li>Armado final y control de calidad de los interruptores.<\/li>\n<\/ul>\n<p><span><br \/>Por todo ello decimos que nuestra fabricaci\u00f3n es integral, obviando de esta manera la participaci\u00f3n de terceros en nuestros procesos, lo que permite garantizar y responzabilizarnos por toda nuestra l\u00ednea de productos.<\/span><\/p>\n<p>[\/et_pb_text][\/et_pb_column][\/et_pb_row][\/et_pb_section]<\/p>\n","protected":false},"excerpt":{"rendered":"<p>La EmpresaNuestra empresa se dedica, desde el a\u00f1o 1955, a la fabricaci\u00f3n integral de interruptores especiales utilizando materias primas de primera calidad, lo que garantiza la confiabilidad de nuestros productos. La f\u00e1brica est\u00e1 integrada por un plantel permanente de operarios especializados y maquinaria altamente tecnificada, lo cual permite brindar un producto final de excelente calidad. [&hellip;]<\/p>\n","protected":false},"author":96739694,"featured_media":0,"parent":0,"menu_order":0,"comment_status":"closed","ping_status":"closed","template":"","meta":{"_et_pb_use_builder":"on","_et_pb_old_content":"","_et_gb_content_width":"","footnotes":""},"class_list":["post-714","page","type-page","status-publish","hentry"],"_links":{"self":[{"href":"https:\/\/biplast.com.ar\/web\/wp-json\/wp\/v2\/pages\/714","targetHints":{"allow":["GET"]}}],"collection":[{"href":"https:\/\/biplast.com.ar\/web\/wp-json\/wp\/v2\/pages"}],"about":[{"href":"https:\/\/biplast.com.ar\/web\/wp-json\/wp\/v2\/types\/page"}],"author":[{"embeddable":true,"href":"https:\/\/biplast.com.ar\/web\/wp-json\/wp\/v2\/users\/96739694"}],"replies":[{"embeddable":true,"href":"https:\/\/biplast.com.ar\/web\/wp-json\/wp\/v2\/comments?post=714"}],"version-history":[{"count":18,"href":"https:\/\/biplast.com.ar\/web\/wp-json\/wp\/v2\/pages\/714\/revisions"}],"predecessor-version":[{"id":3551,"href":"https:\/\/biplast.com.ar\/web\/wp-json\/wp\/v2\/pages\/714\/revisions\/3551"}],"wp:attachment":[{"href":"https:\/\/biplast.com.ar\/web\/wp-json\/wp\/v2\/media?parent=714"}],"curies":[{"name":"wp","href":"https:\/\/api.w.org\/{rel}","templated":true}]}}